rs of 1414276.
2, 131, 2699
List the prime factors of 202019.
269, 751
List the prime factors of 550350.
2, 3, 5, 1223
What are the prime factors of 996555?
3, 5, 7, 9491
List the prime factors of 25234276.
2, 6308569
List the prime factors of 212099.
212099
List the prime factors of 28474.
2, 23, 619
What are the prime factors of 3122211?
3, 83, 12539
What are the prime factors of 63076?
2, 13, 1213
What are the prime factors of 16712794?
2, 7, 1193771
What are the prime factors of 2281422?
2, 3, 11, 13, 2659
What are the prime factors of 3464339?
107, 32377
List the prime factors of 1242398.
2, 47, 13217
What are the prime factors of 16560563?
1049, 15787
What are the prime factors of 8600?
2, 5, 43
List the prime factors of 941642.
2, 13, 36217
List the prime factors of 6280493.
6280493
What are the prime factors of 29188452?
2, 3, 2432371
List the prime factors of 919839.
3, 23, 13331
List the prime factors of 135434.
2, 13, 5209
What are the prime factors of 1232274?
2, 3, 59
What are the prime factors of 4889370?
2, 3, 5, 17, 9587
List the prime factors of 4620713.
617, 7489
What are the prime factors of 5831393?
107, 54499
What are the prime factors of 2324328?
2, 3, 96847
List the prime factors of 2375476.
2, 593869
List the prime factors of 1143893.
1143893
List the prime factors of 415106.
2, 17, 29, 421
What are the prime factors of 924152?
2, 331, 349
List the prime factors of 7410190.
2, 5, 19, 43, 907
List the prime factors of 6430889.
883, 7283
What are the prime factors of 313426?
2, 67, 2339
What are the prime factors of 206481?
3, 11, 6257
List the prime factors of 268262.
2, 113, 1187
List the prime factors of 5793521.
5793521
What are the prime factors of 4404061?
173, 25457
List the prime factors of 2143478.
2, 1071739
List the prime factors of 526372.
2, 7, 11, 1709
List the prime factors of 344989.
43, 71, 113
List the prime factors of 18971872.
2, 23, 149, 173
What are the prime factors of 421766?
2, 227, 929
What are the prime factors of 29434782?
2, 3, 13, 377369
What are the prime factors of 2467787?
7, 50363
What are the prime factors of 465009?
3, 155003
What are the prime factors of 6659317?
7, 951331
List the prime factors of 5120962.
2, 7, 11, 3023
List the prime factors of 345206.
2, 172603
List the prime factors of 2375718.
2, 3, 395953
List the prime factors of 366765.
3, 5, 7, 499
List the prime factors of 143664.
2, 3, 41, 73
List the prime factors of 211747.
211747
List the prime factors of 593223.
3, 197741
List the prime factors of 1078168.
2, 7, 13, 1481
What are the prime factors of 424939?
424939
List the prime factors of 6332165.
5, 7, 227, 797
List the prime factors of 6007787.
6007787
List the prime factors of 1299966.
2, 3, 216661
List the prime factors of 1628412.
2, 3, 135701
List the prime factors of 5382078.
2, 3, 13, 69001
List the prime factors of 110319.
3, 11, 3343
List the prime factors of 1321567.
13, 277, 367
List the prime factors of 106198.
2, 29, 1831
List the prime factors of 951415.
5, 190283
What are the prime factors of 1187222?
2, 277, 2143
What are the prime factors of 268579?
419, 641
What are the prime factors of 20886243?
3, 7, 994583
List the prime factors of 460660.
2, 5, 31, 743
List the prime factors of 1000556.
2, 31, 8069
What are the prime factors of 1633443?
3, 7, 77783
List the prime factors of 23271482.
2, 13, 157, 5701
What are the prime factors of 1185820?
2, 5, 211, 281
What are the prime factors of 20104918?
2, 10052459
What are the prime factors of 308888?
2, 38611
What are the prime factors of 10828966?
2, 17, 73, 4363
List the prime factors of 589640.
2, 5, 14741
What are the prime factors of 5944300?
2, 5, 59443
What are the prime factors of 6775740?
2, 3, 5, 37643
List the prime factors of 10686971.
31, 103, 3347
What are the prime factors of 26264929?
113, 232433
What are the prime factors of 176680?
2, 5, 7, 631
List the prime factors of 950015.
5, 11, 23, 751
What are the prime factors of 124530?
2, 3, 5, 7, 593
What are the prime factors of 9296177?
11, 47, 17981
What are the prime factors of 899267?
269, 3343
List the prime factors of 404881.
67, 6043
What are the prime factors of 5936434?
2, 7, 17, 24943
List the prime factors of 575518.
2, 17, 16927
List the prime factors of 9899627.
17, 19, 30649
What are the prime factors of 6405044?
2, 1601261
List the prime factors of 1072846.
2, 536423
List the prime factors of 5970636.
2, 3, 7, 19, 29, 43
What are the prime factors of 1243053?
3, 7, 6577
List the prime factors of 1684565.
5, 103, 3271
What are the prime factors of 3160757?
3160757
What are the prime factors of 263330?
2, 5, 17, 1549
What are the prime factors of 3652311?
3, 13, 71, 1319
List the prime factors of 4850125.
5, 7, 23, 241
List the prime factors of 10339778.
2, 331, 15619
What are the prime factors of 592193?
7, 31, 2729
List the prime factors of 18337946.
2, 11, 23, 36241
What are the prime factors of 39421?
79, 499
List the prime factors of 441601.
131, 3371
List the prime factors of 345099.
3, 37, 3109
List the prime factors of 353433.
3, 117811
What are the prime factors of 42036?
2, 3, 31, 113
List the prime factors of 91013.
13, 7001
What are the prime factors of 1047801?
3, 233, 1499
What are the prime factors of 82166?
2, 7, 5869
What are the prime factors of 500914?
2, 211, 1187
What are the prime factors of 1836152?
2, 229519
List the prime factors of 11332674.
2, 3, 629593
List the prime factors of 671940.
2, 3, 5, 3733
What are the prime factors of 2988871?
19, 47, 3347
List the prime factors of 5596945.
5, 1119389
What are the prime factors of 978742?
2, 23, 21277
What are the prime factors of 4146873?
3, 1382291
List the prime factors of 239100.
2, 3, 5, 797
List the prime factors of 122899.
7, 97, 181
What are the prime factors of 20254?
2, 13, 19, 41
List the prime factors of 138561.
3, 46187
List the prime factors of 503500.
2, 5, 19, 53
What are the prime factors of 1174403?
23, 51061
What are the prime factors of 1907628?
2, 3, 71, 2239
What are the prime factors of 210886?
2, 13, 8111
What are the prime factors of 15332482?
2, 11, 73, 9547
What are the prime factors of 344907?
3, 19, 2017
What are the prime factors of 2496136?
2, 509, 613
What are the prime factors of 155811?
3, 167, 311
List the prime factors of 11209262.
2, 5604631
What are the prime factors of 13024401?
3, 13, 333959
What are the prime factors of 10420340?
2, 5, 7, 31
What are the prime factors of 1405192?
2, 175649
List the prime factors of 17530914.
2, 3, 2921819
List the prime factors of 241042.
2, 191, 631
What are the prime factors of 2860807?
2860807
List the prime factors of 956885.
5, 211, 907
What are the prime factors of 4656730?
2, 5, 13, 113, 317
What are the prime factors of 2848355?
5, 569671
What are the prime factors of 1367590?
2, 5, 7, 2791
What are the prime factors of 1049037?
3, 11, 83, 383
What are the prime factors of 875040?
2, 3, 5, 1823
List the prime factors of 12846883.
7, 17, 89, 1213
What are the prime factors of 213304?
2, 7, 13, 293
List the prime factors of 138807.
3, 53, 97
List the prime factors of 23289445.
5, 43, 149, 727
List the prime factors of 11315942.
2, 11, 514361
What are the prime factors of 4584971?
4584971
What are the prime factors of 5170236?
2, 3, 29, 83, 179
List the prime factors of 1834010.
2, 5, 241, 761
What are the prime factors of 6817218?
2, 3, 1136203
What are the prime factors of 20572575?
3, 5, 274301
List the prime factors of 2891025.
3, 5, 4283
List the prime factors of 139509.
3, 5167
List the prime factors of 303198.
2, 3, 7, 7219
What are the prime factors of 1896406?
2, 887, 1069
List the prime factors of 17029802.
2, 8514901
What are the prime factors of 5995528?
2, 7, 11, 9733
List the prime factors of 278255.
5, 19, 29, 101
What are the prime factors of 770099?
11, 70009
What are the prime factors of 9856731?
3, 3285577
What are the prime factors of 884585?
5, 13, 31, 439
List the prime factors of 422772.
2, 3, 7, 719
What are the prime factors of 182261?
182261
What are the prime factors of 74946?
2, 3, 12491
What are the prime factors of 144620?
2, 5, 7, 1033
What are the prime factors of 1088420?
2, 5, 54421
What are the prime factors of 181930?
2, 5, 7, 23, 113
Li